{"id":1526,"date":"2025-02-04T10:25:04","date_gmt":"2025-02-04T09:25:04","guid":{"rendered":"http:\/\/ybhcjcu.cluster029.hosting.ovh.net\/?page_id=1526"},"modified":"2025-10-28T16:41:12","modified_gmt":"2025-10-28T15:41:12","slug":"les-deliberations","status":"publish","type":"page","link":"http:\/\/ybhcjcu.cluster029.hosting.ovh.net\/?page_id=1526","title":{"rendered":"Les d\u00e9lib\u00e9rations"},"content":{"rendered":"\n<ul class=\"wp-block-list\">\n<li>2025\n<ul class=\"wp-block-list\">\n<li><a href=\"http:\/\/ybhcjcu.cluster029.hosting.ovh.net\/wp-content\/uploads\/2025\/10\/23.25-Refacturation-fuite-dhuile-hydraulique.pdf\">23\/25 : Refacturation sinistre<\/a><\/li>\n\n\n\n<li><a href=\"http:\/\/ybhcjcu.cluster029.hosting.ovh.net\/wp-content\/uploads\/2025\/10\/21.25-Versement-du-RIFSEEP-en-cas-de-longue-ou-grave-maladie.pdf\">22\/25 : Rapport de gestion SPL X DEMAT 2024<\/a><\/li>\n\n\n\n<li><a href=\"http:\/\/ybhcjcu.cluster029.hosting.ovh.net\/wp-content\/uploads\/2025\/10\/21.25-Versement-du-RIFSEEP-en-cas-de-longue-ou-grave-maladie.pdf\">21\/25 : Versement du r\u00e9gime indemnitaire en cas de longue ou grave maladie<\/a><\/li>\n\n\n\n<li><a href=\"http:\/\/ybhcjcu.cluster029.hosting.ovh.net\/wp-content\/uploads\/2025\/10\/20.25-Modification-du-reglement-interieur-de-la-salle-des-fetes.pdf\">20\/25 : Modification du r\u00e8glement int\u00e9rieur de la salle des f\u00eates<\/a><\/li>\n\n\n\n<li><a href=\"http:\/\/ybhcjcu.cluster029.hosting.ovh.net\/wp-content\/uploads\/2025\/10\/19.25-Remboursement-des-depenses-avancees-par-les-elus.pdf\">19\/25 : Remboursement des d\u00e9penses avanc\u00e9es par les \u00e9lus<\/a><\/li>\n\n\n\n<li><a href=\"http:\/\/ybhcjcu.cluster029.hosting.ovh.net\/wp-content\/uploads\/2025\/08\/18.25-Amelioratiuon-chauffage-SDF-visee.pdf\">18\/25 : Am\u00e9lioration du chauffage de la salle des f\u00eates<\/a><\/li>\n\n\n\n<li><a href=\"http:\/\/ybhcjcu.cluster029.hosting.ovh.net\/wp-content\/uploads\/2025\/08\/17.25-Subventions-2025-visee.pdf\">17\/25 : Subventions 2025<\/a><\/li>\n\n\n\n<li><a href=\"http:\/\/ybhcjcu.cluster029.hosting.ovh.net\/wp-content\/uploads\/2025\/08\/16.25-Fongibilite-des-credits-visee.pdf\">16\/25 : Fongibilit\u00e9 des cr\u00e9dits<\/a><\/li>\n\n\n\n<li><a href=\"http:\/\/ybhcjcu.cluster029.hosting.ovh.net\/wp-content\/uploads\/2025\/08\/15.25-Taux-des-taxes-locales-2025-visee-1.pdf\">15\/25 : Taux des taxes locales<\/a><\/li>\n\n\n\n<li><a href=\"http:\/\/ybhcjcu.cluster029.hosting.ovh.net\/wp-content\/uploads\/2025\/08\/14.25-Budget-primitif-2025-visee.pdf\">14\/25 : Budget primitif 2025<\/a><\/li>\n\n\n\n<li><a href=\"http:\/\/ybhcjcu.cluster029.hosting.ovh.net\/wp-content\/uploads\/2025\/08\/13.25-Affectation-des-resultats-visee.pdf\">13\/25 : Affectation des r\u00e9sultats<\/a><\/li>\n\n\n\n<li><a href=\"http:\/\/ybhcjcu.cluster029.hosting.ovh.net\/wp-content\/uploads\/2025\/08\/12.25-Compte-administratif-2024-visee.pdf\">12\/25 : Compte administratif 2024<\/a><\/li>\n\n\n\n<li><a href=\"http:\/\/ybhcjcu.cluster029.hosting.ovh.net\/wp-content\/uploads\/2025\/08\/11.25-Compte-de-gestion-2024-visee.pdf\">11\/25 : Compte de gestion 2024<\/a><\/li>\n\n\n\n<li><a href=\"http:\/\/ybhcjcu.cluster029.hosting.ovh.net\/wp-content\/uploads\/2025\/08\/10.25-Proces-verbal-de-la-seance-du-08.02.2025.pdf\">10\/25 : Proc\u00e8s-verbal du conseil du 08\/02\/2025<\/a><\/li>\n\n\n\n<li><a href=\"http:\/\/ybhcjcu.cluster029.hosting.ovh.net\/wp-content\/uploads\/2025\/02\/export-13-02-2025_14-23-57_277.pdf\">09\/25 : R\u00e9fection des usoirs de la rue de l&rsquo;Eglise<\/a><\/li>\n\n\n\n<li><a href=\"http:\/\/ybhcjcu.cluster029.hosting.ovh.net\/wp-content\/uploads\/2025\/02\/export-13-02-2025_14-23-47_610.pdf\">08\/25 : D\u00e9penses d&rsquo;investissement dans l&rsquo;attente du budget 2025<\/a><\/li>\n\n\n\n<li><a href=\"http:\/\/ybhcjcu.cluster029.hosting.ovh.net\/wp-content\/uploads\/2025\/02\/export-13-02-2025_14-23-37_656.pdf\">07\/25 : Participation mutuelle sant\u00e9<\/a><\/li>\n\n\n\n<li><a href=\"http:\/\/ybhcjcu.cluster029.hosting.ovh.net\/wp-content\/uploads\/2025\/02\/export-13-02-2025_14-23-27_173.pdf\">06\/25 : Participation loyer du m\u00e9decin de Dom\u00e8vre<\/a><\/li>\n\n\n\n<li><a href=\"http:\/\/ybhcjcu.cluster029.hosting.ovh.net\/wp-content\/uploads\/2025\/02\/export-13-02-2025_14-23-16_321.pdf\">05\/25 : Renouvellement convention d&rsquo;instruction des Autorisations du Droit du Sol<\/a><\/li>\n\n\n\n<li><a href=\"http:\/\/ybhcjcu.cluster029.hosting.ovh.net\/wp-content\/uploads\/2025\/02\/export-13-02-2025_14-23-05_769.pdf\">04\/25 : Renouvellement convention CTASF<\/a><\/li>\n\n\n\n<li><a href=\"http:\/\/ybhcjcu.cluster029.hosting.ovh.net\/wp-content\/uploads\/2025\/02\/export-13-02-2025_14-22-55_218.pdf\">03\/25 : Bornage du verger communal<\/a><\/li>\n\n\n\n<li><a href=\"http:\/\/ybhcjcu.cluster029.hosting.ovh.net\/wp-content\/uploads\/2025\/03\/02.25-Dalles-de-plafond-chauffantes-SDF-modifiee-visee.pdf\">02\/25 : Am\u00e9lioration du chauffage de la salle des f\u00eates<\/a><\/li>\n\n\n\n<li><a href=\"http:\/\/ybhcjcu.cluster029.hosting.ovh.net\/wp-content\/uploads\/2025\/02\/01.25-PV-CM-du-16.11.2024.pdf\">01\/25 : Proc\u00e8s-verbal du conseil du 16\/11\/2024<\/a><\/li>\n<\/ul>\n<\/li>\n<\/ul>\n\n\n\n<ul class=\"wp-block-list\">\n<li>2024\n<ul class=\"wp-block-list\">\n<li style=\"text-decoration:none\"><a href=\"http:\/\/ybhcjcu.cluster029.hosting.ovh.net\/wp-content\/uploads\/2025\/02\/29_24_20241116_D_2924Tarificationdesaffouages.pdf\">29\/24 : Tarification des affouages<\/a><\/li>\n\n\n\n<li><a href=\"http:\/\/ybhcjcu.cluster029.hosting.ovh.net\/wp-content\/uploads\/2025\/02\/28_24_20241116_D_2824Destinationdescoupesdebois.pdf\">28\/24 : Destination des coupes de bois<\/a><\/li>\n\n\n\n<li><a href=\"http:\/\/ybhcjcu.cluster029.hosting.ovh.net\/wp-content\/uploads\/2025\/02\/27_24_20241116_D_2724Miseajourdutableaudeseffectifs.pdf\">27\/24 : Mise \u00e0 jour du tableau des effectifs<\/a><\/li>\n\n\n\n<li><a href=\"http:\/\/ybhcjcu.cluster029.hosting.ovh.net\/wp-content\/uploads\/2025\/02\/26_24_20241116_D_2624ConventiondassistanceCD54ATR2025.pdf\">26\/24 : Convention d&rsquo;assistance ATR<\/a> et <a href=\"http:\/\/ybhcjcu.cluster029.hosting.ovh.net\/wp-content\/uploads\/2025\/02\/26_24_20241116_A_ConventionATR2025voirieurbanisme.pdf\">annexe<\/a><\/li>\n\n\n\n<li><a href=\"http:\/\/ybhcjcu.cluster029.hosting.ovh.net\/wp-content\/uploads\/2025\/02\/25_24_20241116_D_2524ConventiondegestionCD54pourRD907suiterequalificationen2012.pdf\">25\/24 : Convention de requalification RD 907 et RD 10<\/a> et <a href=\"http:\/\/ybhcjcu.cluster029.hosting.ovh.net\/wp-content\/uploads\/2025\/02\/25_24_20241116_A_ConventiondegestionrequalificationRD907etRD10.pdf\">annexe<\/a><\/li>\n\n\n\n<li><a href=\"http:\/\/ybhcjcu.cluster029.hosting.ovh.net\/wp-content\/uploads\/2025\/02\/24_24_20241116_D_2424MissionfacultativeCDGRGPD.pdf\">24\/24 : Convention mission facultatives du CDG 54 pour RGPD<\/a> et <a href=\"http:\/\/ybhcjcu.cluster029.hosting.ovh.net\/wp-content\/uploads\/2025\/02\/24_24_20241116_A_Convention2025asigner.pdf\">annexe<\/a><\/li>\n\n\n\n<li><a href=\"http:\/\/ybhcjcu.cluster029.hosting.ovh.net\/wp-content\/uploads\/2025\/02\/23_24_20241116_D_2324Decisionmodificativen1.pdf\">23\/24 : D\u00e9cision modificative n\u00b0 1<\/a><\/li>\n\n\n\n<li><a href=\"http:\/\/ybhcjcu.cluster029.hosting.ovh.net\/wp-content\/uploads\/2025\/02\/22_24_20241116_D_2224Colisdesanciens2024.pdf\">22\/24 : Colis des anciens<\/a><\/li>\n\n\n\n<li><a href=\"http:\/\/ybhcjcu.cluster029.hosting.ovh.net\/wp-content\/uploads\/2025\/02\/21_24_20241116_D_2124ModificationducapitalsocialSPLXDEMAT.pdf\">21\/24 : Modification du capital social d&rsquo;XDEMAT<\/a><\/li>\n\n\n\n<li><a href=\"http:\/\/ybhcjcu.cluster029.hosting.ovh.net\/wp-content\/uploads\/2025\/02\/20_24_20241116_D_2024Rapportdegestion2023SPLXDEMAT.pdf\">20\/24 : Rapport de gestion 2023 XDEMAT<\/a><\/li>\n\n\n\n<li><a href=\"http:\/\/ybhcjcu.cluster029.hosting.ovh.net\/wp-content\/uploads\/2025\/02\/19.24-PC-CM-du-05.07.2024.pdf\">19\/24 : Proc\u00e8s-verbal du conseil municipal du 05\/07\/2024<\/a><\/li>\n\n\n\n<li><a href=\"http:\/\/ybhcjcu.cluster029.hosting.ovh.net\/wp-content\/uploads\/2025\/02\/18_24_20240705_D_1824LocationSDFYoga.pdf\">18\/24 : Location salle des f\u00eates pour activit\u00e9 sportive<\/a><\/li>\n\n\n\n<li><a href=\"http:\/\/ybhcjcu.cluster029.hosting.ovh.net\/wp-content\/uploads\/2025\/02\/17_24_20240705_D_1724Projetmethanisation.pdf\">17\/24 : Projet m\u00e9thanisation<\/a><\/li>\n\n\n\n<li><a href=\"http:\/\/ybhcjcu.cluster029.hosting.ovh.net\/wp-content\/uploads\/2025\/02\/16_24_20240705_D_1624PVdu13042024.pdf\">16\/24 : Proc\u00e8s-verbal du conseil du 13\/04\/2024<\/a><\/li>\n\n\n\n<li><a href=\"http:\/\/ybhcjcu.cluster029.hosting.ovh.net\/wp-content\/uploads\/2025\/02\/15_24_20240413_D_1524DissolutionSPLGestionLocale.pdf\">15\/24 : Dissolution de la SPL Gestion Locale<\/a><\/li>\n\n\n\n<li><a href=\"http:\/\/ybhcjcu.cluster029.hosting.ovh.net\/wp-content\/uploads\/2025\/02\/14_24_20240413_D_1424Subventions.pdf\">14\/24 : Subventions 2024<\/a><\/li>\n\n\n\n<li><a href=\"http:\/\/ybhcjcu.cluster029.hosting.ovh.net\/wp-content\/uploads\/2025\/02\/13_24_20240413_D_1324Fongibilitedescredits.pdf\">13\/24 : Fongibilit\u00e9 des cr\u00e9dits<\/a><\/li>\n\n\n\n<li><a href=\"http:\/\/ybhcjcu.cluster029.hosting.ovh.net\/wp-content\/uploads\/2025\/02\/12_24_20240413_D_1224Tauxdestaxeslocales2024.pdf\">12\/24 : Taux des taxes locales 2024<\/a> et <a href=\"http:\/\/ybhcjcu.cluster029.hosting.ovh.net\/wp-content\/uploads\/2025\/02\/12_24_20240413_A_Cerfa1259signe.pdf\">annexe<\/a><\/li>\n\n\n\n<li><a href=\"http:\/\/ybhcjcu.cluster029.hosting.ovh.net\/wp-content\/uploads\/2025\/02\/11_24_20240413_D_1124Budgetprimitif2024.pdf\">11\/24 : Budget primitif 2024<\/a><\/li>\n\n\n\n<li><a href=\"http:\/\/ybhcjcu.cluster029.hosting.ovh.net\/wp-content\/uploads\/2025\/02\/10_24_20240413_D_1024Affectationdesresultats.pdf\">10\/24 : Affectation du r\u00e9sultat 2023<\/a><\/li>\n\n\n\n<li><a href=\"http:\/\/ybhcjcu.cluster029.hosting.ovh.net\/wp-content\/uploads\/2025\/02\/09_24_20240413_D_0924Compteadministratif2023.pdf\">09\/24 : Compte administratif 2023<\/a><\/li>\n\n\n\n<li><a href=\"http:\/\/ybhcjcu.cluster029.hosting.ovh.net\/wp-content\/uploads\/2025\/02\/08_24_20240413_D_0824Comptedegestion2023.pdf\">08\/24 : Compte de gestion 2023<\/a><\/li>\n\n\n\n<li><a href=\"http:\/\/ybhcjcu.cluster029.hosting.ovh.net\/wp-content\/uploads\/2025\/02\/07_24_20240413_D_0724PVdu31012024.pdf\">07\/24 : Proc\u00e8s-verbal du conseil du 31\/01\/2024<\/a><\/li>\n\n\n\n<li><a href=\"http:\/\/ybhcjcu.cluster029.hosting.ovh.net\/wp-content\/uploads\/2025\/02\/06_24_20240131_D_0624AvenantconventionCC2Trecyclables.pdf\">06\/24 : Avenant \u00e0 la convention de gestion des d\u00e9chets recyclables<\/a> et <a href=\"http:\/\/ybhcjcu.cluster029.hosting.ovh.net\/wp-content\/uploads\/2025\/02\/06_24_20240131_A_Conventionparticipation2023CC2TtriAVENANT.pdf\">annexe<\/a><\/li>\n\n\n\n<li><a href=\"http:\/\/ybhcjcu.cluster029.hosting.ovh.net\/wp-content\/uploads\/2025\/02\/05_24_20240131_D_0524Contratdebaillocatif.pdf\">05\/24 : Contrat de bail locatif<\/a><\/li>\n\n\n\n<li><a href=\"http:\/\/ybhcjcu.cluster029.hosting.ovh.net\/wp-content\/uploads\/2025\/02\/04_24_20240131_D_0424Renovationappartement2.pdf\">04\/24 : R\u00e9novation appartement n\u00b0 2<\/a><\/li>\n\n\n\n<li><a href=\"http:\/\/ybhcjcu.cluster029.hosting.ovh.net\/wp-content\/uploads\/2025\/02\/03_24_20240131_D_0324Modificationdutableaudeseffectifs.pdf\">03\/24 : Modification du tableau des effectifs<\/a><\/li>\n\n\n\n<li><a href=\"http:\/\/ybhcjcu.cluster029.hosting.ovh.net\/wp-content\/uploads\/2025\/02\/02_24bis_20240131_D_0224AvenantalaconventionMMD54.pdf\">02\/24 : Convention MMD54<\/a> et <a href=\"http:\/\/ybhcjcu.cluster029.hosting.ovh.net\/wp-content\/uploads\/2025\/02\/02_24bis_20240131_A_Convention2023-2026AVENANT.pdf\">annexe<\/a><\/li>\n\n\n\n<li><a href=\"http:\/\/ybhcjcu.cluster029.hosting.ovh.net\/wp-content\/uploads\/2025\/02\/01_24_20240131_D_0124Procesverbaldelaseancedu18122023.pdf\">01\/24 : Proc\u00e8s-verbal du  conseil du 18\/12\/2023<\/a><\/li>\n<\/ul>\n<\/li>\n<\/ul>\n\n\n\n<p><\/p>\n","protected":false},"excerpt":{"rendered":"","protected":false},"author":1,"featured_media":0,"parent":0,"menu_order":0,"comment_status":"closed","ping_status":"closed","template":"","meta":{"footnotes":""},"class_list":["post-1526","page","type-page","status-publish","hentry"],"_links":{"self":[{"href":"http:\/\/ybhcjcu.cluster029.hosting.ovh.net\/index.php?rest_route=\/wp\/v2\/pages\/1526","targetHints":{"allow":["GET"]}}],"collection":[{"href":"http:\/\/ybhcjcu.cluster029.hosting.ovh.net\/index.php?rest_route=\/wp\/v2\/pages"}],"about":[{"href":"http:\/\/ybhcjcu.cluster029.hosting.ovh.net\/index.php?rest_route=\/wp\/v2\/types\/page"}],"author":[{"embeddable":true,"href":"http:\/\/ybhcjcu.cluster029.hosting.ovh.net\/index.php?rest_route=\/wp\/v2\/users\/1"}],"replies":[{"embeddable":true,"href":"http:\/\/ybhcjcu.cluster029.hosting.ovh.net\/index.php?rest_route=%2Fwp%2Fv2%2Fcomments&post=1526"}],"version-history":[{"count":38,"href":"http:\/\/ybhcjcu.cluster029.hosting.ovh.net\/index.php?rest_route=\/wp\/v2\/pages\/1526\/revisions"}],"predecessor-version":[{"id":1827,"href":"http:\/\/ybhcjcu.cluster029.hosting.ovh.net\/index.php?rest_route=\/wp\/v2\/pages\/1526\/revisions\/1827"}],"wp:attachment":[{"href":"http:\/\/ybhcjcu.cluster029.hosting.ovh.net\/index.php?rest_route=%2Fwp%2Fv2%2Fmedia&parent=1526"}],"curies":[{"name":"wp","href":"https:\/\/api.w.org\/{rel}","templated":true}]}}