{"id":198,"date":"2021-10-07T17:13:13","date_gmt":"2021-10-07T15:13:13","guid":{"rendered":"http:\/\/ybhcjcu.cluster029.hosting.ovh.net\/?page_id=198"},"modified":"2026-04-28T09:54:07","modified_gmt":"2026-04-28T07:54:07","slug":"salle-des-fetes","status":"publish","type":"page","link":"http:\/\/ybhcjcu.cluster029.hosting.ovh.net\/?page_id=198","title":{"rendered":"Salle des f\u00eates"},"content":{"rendered":"\n<div class=\"wp-block-group\"><div class=\"wp-block-group__inner-container is-layout-flow wp-block-group-is-layout-flow\">\n<div class=\"wp-block-group has-text-color\" style=\"color:#6d00a3\"><div class=\"wp-block-group__inner-container is-layout-flow wp-block-group-is-layout-flow\">\n<p><strong>La salle des f\u00eates de Tremblecourt est \u00e0 nouveau disponible \u00e0 la location. Les tarifs sont les suivants :<\/strong><\/p>\n\n\n\n<div class=\"wp-block-columns is-layout-flex wp-container-core-columns-is-layout-9d6595d7 wp-block-columns-is-layout-flex\">\n<div class=\"wp-block-column is-layout-flow wp-block-column-is-layout-flow\" style=\"flex-basis:100%\">\n<figure class=\"wp-block-table is-style-stripes\"><table class=\"has-fixed-layout\"><tbody><tr><td>&nbsp;<\/td><td>Week-end<\/td><td>Journ\u00e9e<\/td><td>Demi-journ\u00e9e<\/td><\/tr><tr><td>Habitants de Tremblecourt<\/td><td>80,00 \u20ac<\/td><td>40,00 \u20ac<\/td><td>20,00 \u20ac<\/td><\/tr><tr><td>Ext\u00e9rieurs<\/td><td>200,00 \u20ac<\/td><td>100,00 \u20ac<\/td><td>50,00 \u20ac<\/td><\/tr><tr><td>Forfait m\u00e9nage insuffisant<\/td><td>50,00 \u20ac<\/td><td>50,00 \u20ac<\/td><td>50,00 \u20ac<\/td><\/tr><\/tbody><\/table><\/figure>\n<\/div>\n<\/div>\n\n\n\n<p class=\"has-text-color has-medium-font-size\" style=\"color:#5c159f\">Nous vous invitons \u00e0 consulter le r\u00e8glement int\u00e9rieur <a href=\"http:\/\/ybhcjcu.cluster029.hosting.ovh.net\/wp-content\/uploads\/2021\/10\/Reglement-interieur-SDF.pdf\">ici<\/a>.<\/p>\n<\/div><\/div>\n<\/div><\/div>\n\n\n\n<p class=\"has-text-color has-medium-font-size\" style=\"color:#48137c\"><mark style=\"background-color:rgba(0, 0, 0, 0);color:#581c90\" class=\"has-inline-color\">Les r\u00e9servations se font au 06 37 33 32 41 ou en mairie.<\/mark><\/p>\n\n\n\n<figure class=\"wp-block-gallery has-nested-images columns-default is-cropped wp-block-gallery-1 is-layout-flex wp-block-gallery-is-layout-flex\">\n<figure class=\"wp-block-image size-large\"><img loading=\"lazy\" decoding=\"async\" width=\"768\" height=\"1024\" data-id=\"805\" src=\"http:\/\/ybhcjcu.cluster029.hosting.ovh.net\/wp-content\/uploads\/2022\/09\/20220905_131231-1-768x1024.jpg\" alt=\"\" class=\"wp-image-805\" srcset=\"http:\/\/ybhcjcu.cluster029.hosting.ovh.net\/wp-content\/uploads\/2022\/09\/20220905_131231-1-768x1024.jpg 768w, http:\/\/ybhcjcu.cluster029.hosting.ovh.net\/wp-content\/uploads\/2022\/09\/20220905_131231-1-225x300.jpg 225w, http:\/\/ybhcjcu.cluster029.hosting.ovh.net\/wp-content\/uploads\/2022\/09\/20220905_131231-1-1152x1536.jpg 1152w, http:\/\/ybhcjcu.cluster029.hosting.ovh.net\/wp-content\/uploads\/2022\/09\/20220905_131231-1-1536x2048.jpg 1536w, http:\/\/ybhcjcu.cluster029.hosting.ovh.net\/wp-content\/uploads\/2022\/09\/20220905_131231-1-scaled.jpg 1920w\" sizes=\"auto, (max-width: 768px) 100vw, 768px\" \/><figcaption class=\"wp-element-caption\">Salle 1<\/figcaption><\/figure>\n\n\n\n<figure class=\"wp-block-image size-large\"><img loading=\"lazy\" decoding=\"async\" width=\"768\" height=\"1024\" data-id=\"802\" src=\"http:\/\/ybhcjcu.cluster029.hosting.ovh.net\/wp-content\/uploads\/2022\/09\/20220905_131238-768x1024.jpg\" alt=\"\" class=\"wp-image-802\" srcset=\"http:\/\/ybhcjcu.cluster029.hosting.ovh.net\/wp-content\/uploads\/2022\/09\/20220905_131238-768x1024.jpg 768w, http:\/\/ybhcjcu.cluster029.hosting.ovh.net\/wp-content\/uploads\/2022\/09\/20220905_131238-225x300.jpg 225w, http:\/\/ybhcjcu.cluster029.hosting.ovh.net\/wp-content\/uploads\/2022\/09\/20220905_131238-1152x1536.jpg 1152w, http:\/\/ybhcjcu.cluster029.hosting.ovh.net\/wp-content\/uploads\/2022\/09\/20220905_131238-1536x2048.jpg 1536w, http:\/\/ybhcjcu.cluster029.hosting.ovh.net\/wp-content\/uploads\/2022\/09\/20220905_131238-scaled.jpg 1920w\" sizes=\"auto, (max-width: 768px) 100vw, 768px\" \/><figcaption class=\"wp-element-caption\">Salle 2<\/figcaption><\/figure>\n\n\n\n<figure class=\"wp-block-image size-large\"><img loading=\"lazy\" decoding=\"async\" width=\"1024\" height=\"768\" data-id=\"804\" src=\"http:\/\/ybhcjcu.cluster029.hosting.ovh.net\/wp-content\/uploads\/2022\/09\/20220905_131304-1-1024x768.jpg\" alt=\"\" class=\"wp-image-804\" srcset=\"http:\/\/ybhcjcu.cluster029.hosting.ovh.net\/wp-content\/uploads\/2022\/09\/20220905_131304-1-1024x768.jpg 1024w, http:\/\/ybhcjcu.cluster029.hosting.ovh.net\/wp-content\/uploads\/2022\/09\/20220905_131304-1-300x225.jpg 300w, http:\/\/ybhcjcu.cluster029.hosting.ovh.net\/wp-content\/uploads\/2022\/09\/20220905_131304-1-768x576.jpg 768w, http:\/\/ybhcjcu.cluster029.hosting.ovh.net\/wp-content\/uploads\/2022\/09\/20220905_131304-1-1536x1152.jpg 1536w, http:\/\/ybhcjcu.cluster029.hosting.ovh.net\/wp-content\/uploads\/2022\/09\/20220905_131304-1-2048x1536.jpg 2048w\" sizes=\"auto, (max-width: 1024px) 100vw, 1024px\" \/><figcaption class=\"wp-element-caption\">Cuisine 1<\/figcaption><\/figure>\n\n\n\n<figure class=\"wp-block-image size-large\"><img loading=\"lazy\" decoding=\"async\" width=\"1024\" height=\"768\" data-id=\"806\" src=\"http:\/\/ybhcjcu.cluster029.hosting.ovh.net\/wp-content\/uploads\/2022\/09\/20220905_131315-1-1024x768.jpg\" alt=\"\" class=\"wp-image-806\" srcset=\"http:\/\/ybhcjcu.cluster029.hosting.ovh.net\/wp-content\/uploads\/2022\/09\/20220905_131315-1-1024x768.jpg 1024w, http:\/\/ybhcjcu.cluster029.hosting.ovh.net\/wp-content\/uploads\/2022\/09\/20220905_131315-1-300x225.jpg 300w, http:\/\/ybhcjcu.cluster029.hosting.ovh.net\/wp-content\/uploads\/2022\/09\/20220905_131315-1-768x576.jpg 768w, http:\/\/ybhcjcu.cluster029.hosting.ovh.net\/wp-content\/uploads\/2022\/09\/20220905_131315-1-1536x1152.jpg 1536w, http:\/\/ybhcjcu.cluster029.hosting.ovh.net\/wp-content\/uploads\/2022\/09\/20220905_131315-1-2048x1536.jpg 2048w\" sizes=\"auto, (max-width: 1024px) 100vw, 1024px\" \/><figcaption class=\"wp-element-caption\">Cuisine 2<\/figcaption><\/figure>\n<\/figure>\n","protected":false},"excerpt":{"rendered":"<p>La salle des f\u00eates de Tremblecourt est \u00e0 nouveau disponible \u00e0 la location. Les tarifs sont les suivants : &nbsp; Week-end Journ\u00e9e Demi-journ\u00e9e Habitants de Tremblecourt 80,00 \u20ac 40,00 \u20ac 20,00 \u20ac Ext\u00e9rieurs 200,00 \u20ac 100,00 \u20ac 50,00 \u20ac Forfait m\u00e9nage insuffisant 50,00 \u20ac 50,00 \u20ac 50,00 \u20ac Nous vous invitons \u00e0 consulter le r\u00e8glement [&hellip;]<\/p>\n","protected":false},"author":1,"featured_media":0,"parent":0,"menu_order":0,"comment_status":"closed","ping_status":"closed","template":"","meta":{"footnotes":""},"class_list":["post-198","page","type-page","status-publish","hentry"],"_links":{"self":[{"href":"http:\/\/ybhcjcu.cluster029.hosting.ovh.net\/index.php?rest_route=\/wp\/v2\/pages\/198","targetHints":{"allow":["GET"]}}],"collection":[{"href":"http:\/\/ybhcjcu.cluster029.hosting.ovh.net\/index.php?rest_route=\/wp\/v2\/pages"}],"about":[{"href":"http:\/\/ybhcjcu.cluster029.hosting.ovh.net\/index.php?rest_route=\/wp\/v2\/types\/page"}],"author":[{"embeddable":true,"href":"http:\/\/ybhcjcu.cluster029.hosting.ovh.net\/index.php?rest_route=\/wp\/v2\/users\/1"}],"replies":[{"embeddable":true,"href":"http:\/\/ybhcjcu.cluster029.hosting.ovh.net\/index.php?rest_route=%2Fwp%2Fv2%2Fcomments&post=198"}],"version-history":[{"count":10,"href":"http:\/\/ybhcjcu.cluster029.hosting.ovh.net\/index.php?rest_route=\/wp\/v2\/pages\/198\/revisions"}],"predecessor-version":[{"id":1947,"href":"http:\/\/ybhcjcu.cluster029.hosting.ovh.net\/index.php?rest_route=\/wp\/v2\/pages\/198\/revisions\/1947"}],"wp:attachment":[{"href":"http:\/\/ybhcjcu.cluster029.hosting.ovh.net\/index.php?rest_route=%2Fwp%2Fv2%2Fmedia&parent=198"}],"curies":[{"name":"wp","href":"https:\/\/api.w.org\/{rel}","templated":true}]}}