{"id":353,"date":"2021-11-02T16:37:32","date_gmt":"2021-11-02T15:37:32","guid":{"rendered":"http:\/\/ybhcjcu.cluster029.hosting.ovh.net\/?page_id=353"},"modified":"2026-03-25T10:24:38","modified_gmt":"2026-03-25T09:24:38","slug":"la-gestion-des-dechets","status":"publish","type":"page","link":"http:\/\/ybhcjcu.cluster029.hosting.ovh.net\/?page_id=353","title":{"rendered":"La gestion des d\u00e9chets"},"content":{"rendered":"\n<div class=\"wp-block-group is-content-justification-space-between is-nowrap is-layout-flex wp-container-core-group-is-layout-0dfbf163 wp-block-group-is-layout-flex\">\n<div class=\"wp-block-columns is-layout-flex wp-container-core-columns-is-layout-9d6595d7 wp-block-columns-is-layout-flex\">\n<div class=\"wp-block-column is-layout-flow wp-block-column-is-layout-flow\" style=\"flex-basis:100%\">\n<figure class=\"wp-block-image size-full is-resized\"><img loading=\"lazy\" decoding=\"async\" width=\"299\" height=\"185\" src=\"http:\/\/ybhcjcu.cluster029.hosting.ovh.net\/wp-content\/uploads\/2025\/09\/Papiers-cartons-1.png\" alt=\"\" class=\"wp-image-1762\" style=\"object-fit:cover;width:500px;height:300px\"\/><\/figure>\n<\/div>\n<\/div>\n\n\n\n<figure class=\"wp-block-image size-full is-resized wp-duotone-unset-1\"><img loading=\"lazy\" decoding=\"async\" width=\"820\" height=\"518\" src=\"http:\/\/ybhcjcu.cluster029.hosting.ovh.net\/wp-content\/uploads\/2025\/09\/Compostables-2.png\" alt=\"Les papiers \/ cartons et les d\u00e9chets compostables sont \u00e0 d\u00e9poser dans les conteneurs de la rue du Cerisier\" class=\"wp-image-1763\" style=\"width:400px\" srcset=\"http:\/\/ybhcjcu.cluster029.hosting.ovh.net\/wp-content\/uploads\/2025\/09\/Compostables-2.png 820w, http:\/\/ybhcjcu.cluster029.hosting.ovh.net\/wp-content\/uploads\/2025\/09\/Compostables-2-300x190.png 300w, http:\/\/ybhcjcu.cluster029.hosting.ovh.net\/wp-content\/uploads\/2025\/09\/Compostables-2-768x485.png 768w\" sizes=\"auto, (max-width: 820px) 100vw, 820px\" \/><figcaption class=\"wp-element-caption\">Les papiers \/ cartons et les d\u00e9chets compostables sont \u00e0 d\u00e9poser dans les conteneurs de la rue du Cerisier<\/figcaption><\/figure>\n<\/div>\n\n\n\n<h2 class=\"wp-block-heading has-luminous-vivid-amber-color has-black-background-color has-text-color has-background has-link-color wp-elements-1f0654d13bb7ef1f97a45f86bd12e3aa\">* Autres d\u00e9chets recyclables : Collecte des sacs jaunes chaque vendredi<\/h2>\n\n\n\n<h2 class=\"wp-block-heading has-vivid-red-color has-text-color has-link-color wp-elements-4079e6a105fecd02ca361ccabfcfdf00\">* O<strong>rdures m\u00e9nag\u00e8res non-recyclable collect\u00e9s les :<\/strong><\/h2>\n\n\n\n<figure class=\"wp-block-image size-full\"><img loading=\"lazy\" decoding=\"async\" width=\"686\" height=\"250\" src=\"http:\/\/ybhcjcu.cluster029.hosting.ovh.net\/wp-content\/uploads\/2025\/12\/Calendrier-ordures-2026.png\" alt=\"\" class=\"wp-image-1856\" srcset=\"http:\/\/ybhcjcu.cluster029.hosting.ovh.net\/wp-content\/uploads\/2025\/12\/Calendrier-ordures-2026.png 686w, http:\/\/ybhcjcu.cluster029.hosting.ovh.net\/wp-content\/uploads\/2025\/12\/Calendrier-ordures-2026-300x109.png 300w\" sizes=\"auto, (max-width: 686px) 100vw, 686px\" \/><\/figure>\n\n\n\n<h2 class=\"wp-block-heading has-vivid-red-color has-text-color\"><strong>Installation de bacs de compost collectifs :<\/strong><\/h2>\n\n\n\n<figure class=\"wp-block-image size-large\"><img loading=\"lazy\" decoding=\"async\" width=\"1024\" height=\"768\" src=\"http:\/\/ybhcjcu.cluster029.hosting.ovh.net\/wp-content\/uploads\/2024\/05\/20240411_155751-1024x768.jpg\" alt=\"\" class=\"wp-image-1332\" srcset=\"http:\/\/ybhcjcu.cluster029.hosting.ovh.net\/wp-content\/uploads\/2024\/05\/20240411_155751-1024x768.jpg 1024w, http:\/\/ybhcjcu.cluster029.hosting.ovh.net\/wp-content\/uploads\/2024\/05\/20240411_155751-300x225.jpg 300w, http:\/\/ybhcjcu.cluster029.hosting.ovh.net\/wp-content\/uploads\/2024\/05\/20240411_155751-768x576.jpg 768w, http:\/\/ybhcjcu.cluster029.hosting.ovh.net\/wp-content\/uploads\/2024\/05\/20240411_155751-1536x1152.jpg 1536w, http:\/\/ybhcjcu.cluster029.hosting.ovh.net\/wp-content\/uploads\/2024\/05\/20240411_155751-2048x1536.jpg 2048w\" sizes=\"auto, (max-width: 1024px) 100vw, 1024px\" \/><\/figure>\n\n\n\n<p>La communaut\u00e9 de communes a install\u00e9 des bacs de compostage partag\u00e9 \u00e0 disposition des habitants.<\/p>\n\n\n\n<p>Voici un petit guide des d\u00e9chets concern\u00e9s :<\/p>\n\n\n<div class=\"wp-block-image\">\n<figure class=\"aligncenter size-full\"><img loading=\"lazy\" decoding=\"async\" width=\"469\" height=\"481\" src=\"http:\/\/ybhcjcu.cluster029.hosting.ovh.net\/wp-content\/uploads\/2024\/05\/Guide-compostage.png\" alt=\"\" class=\"wp-image-1333\" srcset=\"http:\/\/ybhcjcu.cluster029.hosting.ovh.net\/wp-content\/uploads\/2024\/05\/Guide-compostage.png 469w, http:\/\/ybhcjcu.cluster029.hosting.ovh.net\/wp-content\/uploads\/2024\/05\/Guide-compostage-293x300.png 293w\" sizes=\"auto, (max-width: 469px) 100vw, 469px\" \/><\/figure>\n<\/div>\n\n\n<p>Des bioseaux sont disponibles en mairie.<\/p>\n\n\n\n<h1 class=\"wp-block-heading has-vivid-red-color has-text-color has-link-color wp-elements-ba280785034b911f49900473ca4c7182\"><strong>Acc\u00e8s \u00e0 la d\u00e9ch\u00e8terie de Bern\u00e9court (rue de Verdun) :<\/strong><\/h1>\n\n\n\n<figure class=\"wp-block-table\"><table><tbody><tr><td><strong>A compter du 1<sup>er<\/sup> juillet 2022 la <u>d\u00e9ch\u00e8terie de Bern\u00e9court<\/u> sera en acc\u00e8s libre<\/strong>\u00a0:<br>&#8211; Du 1er mars au 31 octobre : mercredis et samedis\u00a0de 9h \u00e0 12h et 13h \u00e0 17h30<br>&#8211; Du 1er novembre au 28 f\u00e9vrier : mercredis et samedis\u00a0de 9h \u00e0 12h et 13h \u00e0 16h30<br><br>La d\u00e9chetterie situ\u00e9e <strong>RD 904 \u00e0 TOUL<\/strong> est accessible \u00e0 compter du 01\/04 :<br>&#8211; lundi, mardi, mercredi, vendredi et samedi de 9h30 \u00e0 12h30 et de 13h30 \u00e0 18h00<br>&#8211; jeudi de 13h30 \u00e0 18h00<br><br>La d\u00e9chetterie situ\u00e9e <strong>RD 90 entre Fontenoy et Gondreville<\/strong> \u00e0 compter du 01\/04 :<br>&#8211; lundi, jeudi et vendredi de 13h30 \u00e0 18h00,<br>&#8211; mardi de 9h30 \u00e0 12h30<br>&#8211; mercredi et samedi de 9h30 \u00e0 12h30 et e 13h30 \u00e0 18h00<\/td><\/tr><\/tbody><\/table><\/figure>\n\n\n\n<h4 class=\"wp-block-heading\">Pour plus de renseignements sur les d\u00e9ch\u00e8teries de Toul, faire une demande de badge ou cr\u00e9er votre compte en ligne, nous vous invitons \u00e0 vous suivre <a href=\"https:\/\/www.terrestouloises.com\/terres-touloises-au-quotidien\/gestion-des-dechets\/\">ce lien<\/a>.<\/h4>\n\n\n\n<p><\/p>\n","protected":false},"excerpt":{"rendered":"<p>* Autres d\u00e9chets recyclables : Collecte des sacs jaunes chaque vendredi * Ordures m\u00e9nag\u00e8res non-recyclable collect\u00e9s les : Installation de bacs de compost collectifs : La communaut\u00e9 de communes a install\u00e9 des bacs de compostage partag\u00e9 \u00e0 disposition des habitants. Voici un petit guide des d\u00e9chets concern\u00e9s : Des bioseaux sont disponibles en mairie. Acc\u00e8s [&hellip;]<\/p>\n","protected":false},"author":1,"featured_media":0,"parent":0,"menu_order":0,"comment_status":"closed","ping_status":"closed","template":"","meta":{"footnotes":""},"class_list":["post-353","page","type-page","status-publish","hentry"],"_links":{"self":[{"href":"http:\/\/ybhcjcu.cluster029.hosting.ovh.net\/index.php?rest_route=\/wp\/v2\/pages\/353","targetHints":{"allow":["GET"]}}],"collection":[{"href":"http:\/\/ybhcjcu.cluster029.hosting.ovh.net\/index.php?rest_route=\/wp\/v2\/pages"}],"about":[{"href":"http:\/\/ybhcjcu.cluster029.hosting.ovh.net\/index.php?rest_route=\/wp\/v2\/types\/page"}],"author":[{"embeddable":true,"href":"http:\/\/ybhcjcu.cluster029.hosting.ovh.net\/index.php?rest_route=\/wp\/v2\/users\/1"}],"replies":[{"embeddable":true,"href":"http:\/\/ybhcjcu.cluster029.hosting.ovh.net\/index.php?rest_route=%2Fwp%2Fv2%2Fcomments&post=353"}],"version-history":[{"count":16,"href":"http:\/\/ybhcjcu.cluster029.hosting.ovh.net\/index.php?rest_route=\/wp\/v2\/pages\/353\/revisions"}],"predecessor-version":[{"id":1921,"href":"http:\/\/ybhcjcu.cluster029.hosting.ovh.net\/index.php?rest_route=\/wp\/v2\/pages\/353\/revisions\/1921"}],"wp:attachment":[{"href":"http:\/\/ybhcjcu.cluster029.hosting.ovh.net\/index.php?rest_route=%2Fwp%2Fv2%2Fmedia&parent=353"}],"curies":[{"name":"wp","href":"https:\/\/api.w.org\/{rel}","templated":true}]}}

La gestion des déchets

<div class="wp-block-group is-content-justification-space-between is-nowrap is-layout-flex wp-container-core-group-is-layout-0dfbf163 wp-block-group-is-layout-flex">
<div class="wp-block-columns is-layout-flex wp-container-core-columns-is-layout-9d6595d7 wp-block-columns-is-layout-flex">
<div class="wp-block-column is-layout-flow wp-block-column-is-layout-flow" style="flex-basis:100%">
<figure class="wp-block-image size-full is-resized"><img loading="lazy" decoding="async" width="299" height="185" src="http://ybhcjcu.cluster029.hosting.ovh.net/wp-content/uploads/2025/09/Papiers-cartons-1.png" alt="" class="wp-image-1762" style="object-fit:cover;width:500px;height:300px"/></figure>
</div>
</div>



<figure class="wp-block-image size-full is-resized wp-duotone-unset-1"><img loading="lazy" decoding="async" width="820" height="518" src="http://ybhcjcu.cluster029.hosting.ovh.net/wp-content/uploads/2025/09/Compostables-2.png" alt="Les papiers / cartons et les déchets compostables sont à déposer dans les conteneurs de la rue du Cerisier" class="wp-image-1763" style="width:400px" srcset="http://ybhcjcu.cluster029.hosting.ovh.net/wp-content/uploads/2025/09/Compostables-2.png 820w, http://ybhcjcu.cluster029.hosting.ovh.net/wp-content/uploads/2025/09/Compostables-2-300x190.png 300w, http://ybhcjcu.cluster029.hosting.ovh.net/wp-content/uploads/2025/09/Compostables-2-768x485.png 768w" sizes="auto, (max-width: 820px) 100vw, 820px" /><figcaption class="wp-element-caption">Les papiers / cartons et les déchets compostables sont à déposer dans les conteneurs de la rue du Cerisier</figcaption></figure>
</div>



<h2 class="wp-block-heading has-luminous-vivid-amber-color has-black-background-color has-text-color has-background has-link-color wp-elements-1f0654d13bb7ef1f97a45f86bd12e3aa">* Autres déchets recyclables : Collecte des sacs jaunes chaque vendredi</h2>



<h2 class="wp-block-heading has-vivid-red-color has-text-color has-link-color wp-elements-4079e6a105fecd02ca361ccabfcfdf00">* O<strong>rdures ménagères non-recyclable collectés les :</strong></h2>



<figure class="wp-block-image size-full"><img loading="lazy" decoding="async" width="686" height="250" src="http://ybhcjcu.cluster029.hosting.ovh.net/wp-content/uploads/2025/12/Calendrier-ordures-2026.png" alt="" class="wp-image-1856" srcset="http://ybhcjcu.cluster029.hosting.ovh.net/wp-content/uploads/2025/12/Calendrier-ordures-2026.png 686w, http://ybhcjcu.cluster029.hosting.ovh.net/wp-content/uploads/2025/12/Calendrier-ordures-2026-300x109.png 300w" sizes="auto, (max-width: 686px) 100vw, 686px" /></figure>



<h2 class="wp-block-heading has-vivid-red-color has-text-color"><strong>Installation de bacs de compost collectifs :</strong></h2>



<figure class="wp-block-image size-large"><img loading="lazy" decoding="async" width="1024" height="768" src="http://ybhcjcu.cluster029.hosting.ovh.net/wp-content/uploads/2024/05/20240411_155751-1024x768.jpg" alt="" class="wp-image-1332" srcset="http://ybhcjcu.cluster029.hosting.ovh.net/wp-content/uploads/2024/05/20240411_155751-1024x768.jpg 1024w, http://ybhcjcu.cluster029.hosting.ovh.net/wp-content/uploads/2024/05/20240411_155751-300x225.jpg 300w, http://ybhcjcu.cluster029.hosting.ovh.net/wp-content/uploads/2024/05/20240411_155751-768x576.jpg 768w, http://ybhcjcu.cluster029.hosting.ovh.net/wp-content/uploads/2024/05/20240411_155751-1536x1152.jpg 1536w, http://ybhcjcu.cluster029.hosting.ovh.net/wp-content/uploads/2024/05/20240411_155751-2048x1536.jpg 2048w" sizes="auto, (max-width: 1024px) 100vw, 1024px" /></figure>



<p>La communauté de communes a installé des bacs de compostage partagé à disposition des habitants.</p>



<p>Voici un petit guide des déchets concernés :</p>


<div class="wp-block-image">
<figure class="aligncenter size-full"><img loading="lazy" decoding="async" width="469" height="481" src="http://ybhcjcu.cluster029.hosting.ovh.net/wp-content/uploads/2024/05/Guide-compostage.png" alt="" class="wp-image-1333" srcset="http://ybhcjcu.cluster029.hosting.ovh.net/wp-content/uploads/2024/05/Guide-compostage.png 469w, http://ybhcjcu.cluster029.hosting.ovh.net/wp-content/uploads/2024/05/Guide-compostage-293x300.png 293w" sizes="auto, (max-width: 469px) 100vw, 469px" /></figure>
</div>


<p>Des bioseaux sont disponibles en mairie.</p>



<h1 class="wp-block-heading has-vivid-red-color has-text-color has-link-color wp-elements-ba280785034b911f49900473ca4c7182"><strong>Accès à la déchèterie de Bernécourt (rue de Verdun) :</strong></h1>



<figure class="wp-block-table"><table><tbody><tr><td><strong>A compter du 1<sup>er</sup> juillet 2022 la <u>déchèterie de Bernécourt</u> sera en accès libre</strong> :<br>&#8211; Du 1er mars au 31 octobre : mercredis et samedis de 9h à 12h et 13h à 17h30<br>&#8211; Du 1er novembre au 28 février : mercredis et samedis de 9h à 12h et 13h à 16h30<br><br>La déchetterie située <strong>RD 904 à TOUL</strong> est accessible à compter du 01/04 :<br>&#8211; lundi, mardi, mercredi, vendredi et samedi de 9h30 à 12h30 et de 13h30 à 18h00<br>&#8211; jeudi de 13h30 à 18h00<br><br>La déchetterie située <strong>RD 90 entre Fontenoy et Gondreville</strong> à compter du 01/04 :<br>&#8211; lundi, jeudi et vendredi de 13h30 à 18h00,<br>&#8211; mardi de 9h30 à 12h30<br>&#8211; mercredi et samedi de 9h30 à 12h30 et e 13h30 à 18h00</td></tr></tbody></table></figure>



<h4 class="wp-block-heading">Pour plus de renseignements sur les déchèteries de Toul, faire une demande de badge ou créer votre compte en ligne, nous vous invitons à vous suivre <a href="https://www.terrestouloises.com/terres-touloises-au-quotidien/gestion-des-dechets/">ce lien</a>.</h4>



<p></p>

<p>* Autres déchets recyclables : Collecte des sacs jaunes chaque vendredi * Ordures ménagères non-recyclable collectés les : Installation de bacs de compost collectifs : La communauté de communes a installé des bacs de compostage partagé à disposition des habitants. Voici un petit guide des déchets concernés : Des bioseaux sont disponibles en mairie. Accès [&hellip;]</p>
